.
25
Let n(f) = -f**3 - 10*f**2 - f - 8. Let z be n(-10). Suppose -z*g + 40 = -0*g. What is the remainder when 79 is divided by g?
19
Suppose 2*f = h - 14, 4 = 2*h - 0*h + 2*f. What is the remainder when 25 is divided by 16 + (-5)/(10/h)?
12
Let l(v) = v + 8. Let w be l(-8). Suppose -2*s = -4 - w, 4*f = -s + 78. Calculate the remainder when 37 is divided by f.
18
Suppose -2*o = -3*c + 62, 3*c - 5*o = 70 + 4. Suppose 3*y = 8*y - 65. What is the remainder when 34/3*c/4 is divided by y?
12
Suppose 3*n - 70 - 77 = 0. What is the remainder when n is divided by 25?
24
Let n(q) = 3*q**3 - 2*q**2 + 2*q + 2. Suppose x - 84 = -x. Calculate the remainder when x is divided by n(2).
20
Suppose -3*h = -5*o - h - 388, 5*o + 368 = -3*h. Let c = 118 + o. Calculate the remainder when c is divided by 11.
9
Suppose 3*m + r = 629, -2*r = m + 3*m - 838. What is the remainder when 61 is divided by (m/(-20))/((-2)/4)?
19
Let n(d) = d - 2. Let v(f) = 3*f**3 - 2*f**2 + f. Let k be v(1). What is the remainder when (0 + k)/(2/4) is divided by n(5)?
1
Let y = 93 + -75. Calculate the remainder when 105 is divided by y.
15
Suppose 5*g - 17 + 2 = 0. Calculate the remainder when 1 + -3 - (-9)/((-18)/(-16)) is divided by g.
0
Suppose 0*q - 3*q = -5*l + 5, 2*l - 28 = -4*q. Suppose -q*c = -10, -5*t + 2 = -0*c - 4*c. Calculate the remainder when 4 is divided by t.
0
Suppose -2*b + 3*q + 6 = b, 3 = q. Let u = 42 - 29. Calculate the remainder when u is divided by b.
3
Suppose -3*h + 810 = 3*a, -a + 2*a = h + 262. Calculate the remainder when (-8)/(-20) - a/(-10) is divided by 7.
6
Suppose 4*m + 5*o = 15, 0 = -m + 2*o + 2*o + 9. Let g = m + -1. Suppose 0 = 5*q + 5*i - 65, q + i - g*i + 3 = 0. What is the remainder when 26 is divided by q?
8
Let n(g) = -1 + 2*g**3 - g**3 + 2*g**2 - 4*g + g**2. Suppose 46 - 43 = -r. What is the remainder when 32 is divided by n(r)?
10
Let y(v) = 4*v - 29. What is the remainder when 42 is divided by y(10)?
9
Let a = 17 - -37. Calculate the remainder when a is divided by 14.
12
Suppose 0 = -s + 3 - 1. Suppose 3*i - s = 4. Suppose 4*z + 25 = -p + 101, 0 = p + i*z - 66. What is the remainder when p is divided by 19?
18
Let v = 222 - 148. Calculate the remainder when v is divided by 26.
22
Calculate the remainder when 19 + 0 - (-16)/(-8) is divided by 11.
6
What is the remainder when (-4)/(-20)*5*44 is divided by 23?
21
Let n = 67 - 62. Calculate the remainder when 17 is divided by n.
2
Let h(p) = p**2 - 2*p - 6. What is the remainder when h(5) is divided by 6?
3
Suppose 4*b - 35 = 45. Let q be (3 + -7)*(-1)/2. Suppose -19 = -q*g - 5. What is the remainder when b is divided by g?
6
Let k be 2/7 - (-48)/28. Suppose 3*r = -0*r, 78 = 3*m - k*r. Calculate the remainder when m is divided by 14.
12
Suppose 2*w - 3*c - 54 - 58 = 0, 3*w + 5*c = 168. Calculate the remainder when w is divided by 24.
8
Suppose 0 = j - 6*j. Suppose -4*w + j*w = -112. What is the remainder when w is divided by (0 + 30/3)*1?
8
Let n(s) = 38*s**2 - s. Let r be n(1). Let m = r + -19. What is the remainder when 26 is divided by -2 + m + 0 + -2?
12
Let o(f) = -5*f + 2. Suppose -5*d - 2*c + 19 = -c, 2*c = -3*d + 10. Let l(t) = 12*t - 1. What is the remainder when l(d) is divided by o(-2)?
11
Let c = -132 + 155. What is the remainder when 113 is divided by c?
21
Suppose -4*j - 46 = -2*w, -j = -w - 2*j + 11. Let s = -10 + w. Suppose 2*d = -s*z + 21, 0*d + 4*z - 48 = -4*d. Calculate the remainder when 38 is divided by d.
12
Let a(c) = -c + 0*c + c**3 + 0*c**2 - c**2 + 0*c**2 - 1. Let i be a(2). Suppose n - 15 - i = 0. Calculate the remainder when 31 is divided by n.
15
Suppose 2*s + s - 12 = 0. Suppose 3*y = s + 2. Suppose -4*x + 40 = 4*j + 8, y*x - 34 = 4*j. Calculate the remainder when 30 is divided by x.
8
Suppose 5*n = y + 125, 4*y + 18 + 2 = 0. What is the remainder when 39 is divided by n?
15
Suppose n = -5*h + 1017, -1011 = -5*h + n - 4*n. What is the remainder when h is divided by 52?
48
Suppose 0 = 19*j - 23*j + 8. Suppose -j*v + 18 = -6. Calculate the remainder when 33 is divided by v.
9
Suppose 2*h = -n + 6 + 18, 4*h + 5*n = 36. What is the remainder when 1/(1/3)*-3*-3 is divided by h?
13
Suppose 5*b - 5 = -2*h, 3*b + 4*h = -0*b - 11. Suppose m - 26*m = -75. Calculate the remainder when m is divided by b.
0
Let k(r) = -r**3 - 5*r**2 - 4*r + 8. Suppose 4*g - 4 = -4*x + 8, -2*g = 4. What is the remainder when k(-4) is divided by x?
3
Let o = 4 + 8. Suppose -5*m = 47 - 127. Let p = m + 6. Calculate the remainder when p is divided by o.
10
Let t(o) = -2*o - 4. Let x(f) = -f + 9. Calculate the remainder when t(-15) is divided by x(0).
8
Suppose -3*z + 12 = 3. Calculate the remainder when (-24)/(-36) - (-193)/z is divided by 17.
14
Let s(z) = z**2 - z - 5. What is the remainder when 27 is divided by s(4)?
6
Suppose -2*d + 2*h + 58 = -h, 116 = 4*d - 2*h. What is the remainder when 84 is divided by d?
26
Let o be ((-1)/2)/(3/(-18)). Let w be -2*o/6 - -4. Suppose 12 = w*z + z. What is the remainder when 7 is divided by z?
1
Let k = -138 - -161. What is the remainder when 78 is divided by k?
9
Let d = 10 - 5. Let q(u) = u**2 - 5*u + 6. Let g be q(d). Suppose x = -2*j + g, 5*j + 0*j = -5*x + 5. What is the remainder when j is divided by 2?
1
Suppose -c - 4*c + 115 = 0. Calculate the remainder when c is divided by 13.
10
Suppose -4*l + 23 = -h + 92, -l - 22 = -5*h. Let b = 28 + l. Calculate the remainder when 31 is divided by b.
9
Let p(g) = -g**2 + 13*g + 8. Let h be p(10). Suppose -4*w = l - 4*l + h, 3*l = w + 50. What is the remainder when 51 is divided by l?
15
Let y be 2*1/2 + 0. Suppose 0 = -w + y + 13. What is the remainder when w is divided by 9?
5
Let w(h) = -7*h. Suppose 0*l + 4*l + 16 = 0. Let b = l - -19. What is the remainder when w(-4) is divided by b?
13
Let o = 75 - 21. Calculate the remainder when o is divided by 19.
16
Let x(z) = -5*z - 15. Calculate the remainder when x(-15) is divided by 21.
18
Suppose 0 = 3*b - 8*b + 95. Let r be (-3)/2*-2 - 3. Suppose -h + 8 = f, 3*f - 9 = -r*f. Calculate the remainder when b is divided by h.
4
Suppose 5*r + 2*u + 17 - 67 = 0, -40 = -4*r - 2*u. Calculate the remainder when 28 is divided by r.
8
Suppose -2*f = 10, 5*u + 3*f = 2*u - 6. Suppose -m = u*m - 44. What is the remainder when -1 + 2 - -3*10 is divided by m?
9
Let t(y) = -y**2 + 9*y - 9. Calculate the remainder when 12 is divided by t(7).
2
Let b = 40 + -29. Suppose 2*n - b = 7. What is the remainder when 18 is divided by (12/n)/(4/30)?
8
Suppose -189 = 30*c - 33*c. What is the remainder when c is divided by (3/6)/(1/44)?
19
What is the remainder when 309 is divided by 0 + -4 + (-96 + 6)/(-3)?
23
Suppose -4*f = -6*f + 56. What is the remainder when 82 is divided by f?
26
Let p = 52 - 43. What is the remainder when p is divided by 2?
1
Suppose 9*r + 10 = 4*r. Let g = r + 5. Calculate the remainder when 7 is divided by g.
1
Suppose -53 = 4*x + 35. Let f = x - -41. Suppose o + 110 = v + v, 0 = -5*v - 5*o + 275. What is the remainder when v is divided by f?
17
Let d(h) = 3*h - 9. Calculate the remainder when 21 is divided by d(5).
3
Calculate the remainder when (-4)/(-6)*7/(14/192) is divided by 11.
9
Let x = 2 + 7. Calculate the remainder when 25 is divided by x.
7
Let m = -22 - -34. Calculate the remainder when 45 is divided by m.
9
Let l = 125 - 112. What is the remainder when 33 is divided by l?
7
What is the remainder when 12 is divided by 8/(-1 + 3 - 1/1)?
4
Let a be 2 - (2 + (-2 - 0)). Let v(b) = 17*b. Suppose -5*f - 2*g + 56 = -6*g, 0 = -2*f - 3*g + 27. What is the remainder when v(a) is divided by f?
10
Let u(w) = -w**3 - 8*w**2 - 7*w + 7. Suppose 0 = -5*l + 2*l + 12. Calculate the remainder when u(-7) is divided by l.
3
What is the remainder when 58 is divided by 368/12 + (-4)/(-12)?
27
Let p(z) = z + 61. Calculate the remainder when p(20) is divided by 17.
13
Let y(o) = o + 1. Let x be y(0). Suppose 13 = 3*a - 89. Calculate the remainder when 50 is divided by (x/(-1))/((-2)/a).
16
Let h(s) = s**3 + s**2 + 3*s - 1. Calculate the remainder when h(4) is divided by 24.
19
Let r be (3 + -4)/((-2)/8). Suppose 3*i = 2*i - 4*d + 26, r*d - 12 = 0. Suppose 2*w - 62 = 18. Calculate the remainder when w is divided by i.
12
Let b = 13 + 18. What is the remainder when 85 is divided by b